{"id":3,"date":"2025-09-02T01:03:36","date_gmt":"2025-09-01T23:03:36","guid":{"rendered":"https:\/\/majsterkoweskrzyneczki.pl\/?page_id=3"},"modified":"2025-09-09T14:16:29","modified_gmt":"2025-09-09T12:16:29","slug":"polityka-prywatnosci","status":"publish","type":"page","link":"https:\/\/majsterkoweskrzyneczki.pl\/?page_id=3","title":{"rendered":"Polityka prywatno\u015bci"},"content":{"rendered":"\t\t<div data-elementor-type=\"wp-page\" data-elementor-id=\"3\" class=\"elementor elementor-3\">\n\t\t\t\t<div class=\"elementor-element elementor-element-aecfdfe e-flex e-con-boxed e-con e-parent\" data-id=\"aecfdfe\" data-element_type=\"container\">\n\t\t\t\t\t<div class=\"e-con-inner\">\n\t\t\t\t<div class=\"elementor-element elementor-element-41ca0a2 elementor-widget__width-initial elementor-widget elementor-widget-text-editor\" data-id=\"41ca0a2\" data-element_type=\"widget\" data-widget_type=\"text-editor.default\">\n\t\t\t\t\t\t\t\t\t<p style=\"text-align: center;\"><a href=\"https:\/\/majsterkoweskrzyneczki.pl\/\">Powr\u00f3t na stron\u0119 g\u0142\u00f3wn\u0105<\/a><\/p>\t\t\t\t\t\t\t\t<\/div>\n\t\t\t\t\t<\/div>\n\t\t\t\t<\/div>\n\t\t<div class=\"elementor-element elementor-element-4352e2d2 e-flex e-con-boxed e-con e-parent\" data-id=\"4352e2d2\" data-element_type=\"container\">\n\t\t\t\t\t<div class=\"e-con-inner\">\n\t\t\t\t<div class=\"elementor-element elementor-element-637366bc elementor-widget elementor-widget-text-editor\" data-id=\"637366bc\" data-element_type=\"widget\" data-widget_type=\"text-editor.default\">\n\t\t\t\t\t\t\t\t\t\n<h4 class=\"wp-block-heading\">Kim jeste\u015bmy<\/h4>\n\n\n\n<p>Adres naszej strony internetowej to: https:\/\/majsterkoweskrzyneczki.pl.<\/p>\n\n\n\n<h4 class=\"wp-block-heading\">Osadzone tre\u015bci z innych witryn<\/h4>\n\n\n\n<p>Na tej witrynie mog\u0105 znajdowa\u0107 si\u0119 osadzone tre\u015bci (np. filmy, obrazki, artyku\u0142y, facebook itp.). Osadzone tre\u015bci z innych witryn zachowuj\u0105 si\u0119 analogicznie do tego, jakby u\u017cytkownik odwiedzi\u0142 bezpo\u015brednio konkretn\u0105 witryn\u0119.<\/p>\n\n\n\n<p>Witryny mog\u0105 zbiera\u0107 informacje o tobie, u\u017cywa\u0107 ciasteczek, do\u0142\u0105cza\u0107 dodatkowe, zewn\u0119trzne systemy \u015bledzenia i monitorowa\u0107 twoje interakcje z osadzonym materia\u0142em, w\u0142\u0105czaj\u0105c w to \u015bledzenie twoich interakcji z osadzonym materia\u0142em je\u015bli posiadasz konto i jeste\u015b zalogowany w tamtej witrynie.<\/p>\n\n\n\n<h4 class=\"wp-block-heading\">Jak d\u0142ugo przechowujemy twoje dane<\/h4>\n\n\n\n<p>Je\u015bli napiszesz do nas e-maila lub zadzwonisz, to Twoje dane kontaktowe i korespondencja e-mail b\u0119d\u0105 przechowywane przez czas nieokre\u015blony.  <\/p>\n\n\n\n<h4 class=\"wp-block-heading\">Jakie masz prawa do swoich danych<\/h4>\n\n\n\n<p>Na Twoje \u017cyczenie mo\u017cemy te dane usun\u0105\u0107. Nie dotyczy to \u017cadnych danych kt\u00f3re jeste\u015bmy zobligowani zachowa\u0107 ze wzgl\u0119d\u00f3w administracyjnych, prawnych albo bezpiecze\u0144stwa. W razie ch\u0119ci skorzystania z prawa sprawdzenia, zmiany lub usuni\u0119cia danych z naszej bazy prosimy o wiadomo\u015b\u0107 na adres\u00a0biuro@majsterkoweskrzyneczki.pl. W razie braku odpowiedzi (zdarza si\u0119, \u017ce filtry pocztowe chc\u0105 by\u0107 m\u0105drzejsze od nas) prosimy o kontakt osobisty lub pod nr telefonu 603 471 755.<\/p>\n\n\n\n<h4 class=\"wp-block-heading\">Administrator danych<\/h4>\n\n\n\n<p>Administratorem danych osobowych przetwarzanych w ramach dzia\u0142alno\u015bci majsterkoweskrzyneczki.pl jest Agencja artystyczna Karolina Wiechetek z siedzib\u0105 przy ul.\u00a0Konwaliowa 22\/33, 15-674, Bia\u0142ystok, adres\u00a0poczty elektronicznej:\u00a0biuro@majsterkoweskrzyneczki.pl. Dane\u00a0kontaktowe Inspektora Ochrony Danych s\u0105\u00a0to\u017csame z\u00a0danymi kontaktowymi Administratora wskazanymi w\u00a0zdaniu poprzednim.<\/p>\n\n\n\n<p><\/p>\n\t\t\t\t\t\t\t\t<\/div>\n\t\t\t\t\t<\/div>\n\t\t\t\t<\/div>\n\t\t<div class=\"elementor-element elementor-element-6f1c0dd e-flex e-con-boxed e-con e-parent\" data-id=\"6f1c0dd\" data-element_type=\"container\">\n\t\t\t\t\t<div class=\"e-con-inner\">\n\t\t\t\t<div class=\"elementor-element elementor-element-b57d5dd elementor-widget__width-initial elementor-widget elementor-widget-text-editor\" data-id=\"b57d5dd\" data-element_type=\"widget\" data-widget_type=\"text-editor.default\">\n\t\t\t\t\t\t\t\t\t<p style=\"text-align: center;\"><a href=\"https:\/\/majsterkoweskrzyneczki.pl\/\">Powr\u00f3t na stron\u0119 g\u0142\u00f3wn\u0105<\/a><\/p>\t\t\t\t\t\t\t\t<\/div>\n\t\t\t\t\t<\/div>\n\t\t\t\t<\/div>\n\t\t\t\t<\/div>\n\t\t","protected":false},"excerpt":{"rendered":"<p>Powr\u00f3t na stron\u0119 g\u0142\u00f3wn\u0105 Kim jeste\u015bmy Adres naszej strony internetowej to: https:\/\/majsterkoweskrzyneczki.pl. Osadzone tre\u015bci z innych witryn Na tej witrynie mog\u0105 znajdowa\u0107 si\u0119 osadzone tre\u015bci (np. filmy, obrazki, artyku\u0142y, facebook itp.). Osadzone tre\u015bci z innych witryn zachowuj\u0105 si\u0119 analogicznie do tego, jakby u\u017cytkownik odwiedzi\u0142 bezpo\u015brednio konkretn\u0105 witryn\u0119. Witryny mog\u0105 zbiera\u0107 informacje o tobie, u\u017cywa\u0107 ciasteczek, [&hellip;]<\/p>\n","protected":false},"author":1,"featured_media":0,"parent":0,"menu_order":0,"comment_status":"closed","ping_status":"open","template":"","meta":{"footnotes":""},"class_list":["post-3","page","type-page","status-publish","hentry"],"_links":{"self":[{"href":"https:\/\/majsterkoweskrzyneczki.pl\/index.php?rest_route=\/wp\/v2\/pages\/3","targetHints":{"allow":["GET"]}}],"collection":[{"href":"https:\/\/majsterkoweskrzyneczki.pl\/index.php?rest_route=\/wp\/v2\/pages"}],"about":[{"href":"https:\/\/majsterkoweskrzyneczki.pl\/index.php?rest_route=\/wp\/v2\/types\/page"}],"author":[{"embeddable":true,"href":"https:\/\/majsterkoweskrzyneczki.pl\/index.php?rest_route=\/wp\/v2\/users\/1"}],"replies":[{"embeddable":true,"href":"https:\/\/majsterkoweskrzyneczki.pl\/index.php?rest_route=%2Fwp%2Fv2%2Fcomments&post=3"}],"version-history":[{"count":13,"href":"https:\/\/majsterkoweskrzyneczki.pl\/index.php?rest_route=\/wp\/v2\/pages\/3\/revisions"}],"predecessor-version":[{"id":211,"href":"https:\/\/majsterkoweskrzyneczki.pl\/index.php?rest_route=\/wp\/v2\/pages\/3\/revisions\/211"}],"wp:attachment":[{"href":"https:\/\/majsterkoweskrzyneczki.pl\/index.php?rest_route=%2Fwp%2Fv2%2Fmedia&parent=3"}],"curies":[{"name":"wp","href":"https:\/\/api.w.org\/{rel}","templated":true}]}}