{"id":18,"date":"2025-09-02T09:43:13","date_gmt":"2025-09-02T07:43:13","guid":{"rendered":"https:\/\/majsterkoweskrzyneczki.pl\/?page_id=18"},"modified":"2025-09-02T23:01:47","modified_gmt":"2025-09-02T21:01:47","slug":"galeria","status":"publish","type":"page","link":"https:\/\/majsterkoweskrzyneczki.pl\/?page_id=18","title":{"rendered":"Galeria"},"content":{"rendered":"\t\t<div data-elementor-type=\"wp-page\" data-elementor-id=\"18\" class=\"elementor elementor-18\">\n\t\t\t\t<div class=\"elementor-element elementor-element-53f3fd39 e-flex e-con-boxed e-con e-parent\" data-id=\"53f3fd39\" data-element_type=\"container\" data-settings=\"{&quot;background_background&quot;:&quot;classic&quot;}\">\n\t\t\t\t\t<div class=\"e-con-inner\">\n\t\t<div class=\"elementor-element elementor-element-7beba27f e-con-full e-flex e-con e-child\" data-id=\"7beba27f\" data-element_type=\"container\">\n\t\t\t\t<div class=\"elementor-element elementor-element-1f588fa9 elementor-widget elementor-widget-heading\" data-id=\"1f588fa9\" data-element_type=\"widget\" data-widget_type=\"heading.default\">\n\t\t\t\t\t<h2 class=\"elementor-heading-title elementor-size-default\">Witamy w Majsterkowych Skrzyneczkach!<\/h2>\t\t\t\t<\/div>\n\t\t\t\t<div class=\"elementor-element elementor-element-46049e3a elementor-widget elementor-widget-text-editor\" data-id=\"46049e3a\" data-element_type=\"widget\" data-widget_type=\"text-editor.default\">\n\t\t\t\t\t\t\t\t\t<p>Zapraszamy do odkrywania rado\u015bci majsterkowania z naszymi zestawami DIY! Nasze zaj\u0119cia to wspania\u0142a okazja, aby dzieci mog\u0142y rozwija\u0107 swoje umiej\u0119tno\u015bci manualne, kreatywno\u015b\u0107 i pewno\u015b\u0107 siebie. Przekonaj si\u0119, jak niesamowite mog\u0105 by\u0107 chwile sp\u0119dzone na wsp\u00f3lnej zabawie i nauce!<\/p>\t\t\t\t\t\t\t\t<\/div>\n\t\t\t\t<\/div>\n\t\t\t\t\t<\/div>\n\t\t\t\t<\/div>\n\t\t<div class=\"elementor-element elementor-element-6113b2a5 e-flex e-con-boxed e-con e-parent\" data-id=\"6113b2a5\" data-element_type=\"container\" data-settings=\"{&quot;background_background&quot;:&quot;classic&quot;}\">\n\t\t\t\t\t<div class=\"e-con-inner\">\n\t\t<div class=\"elementor-element elementor-element-4af7272 e-flex e-con-boxed e-con e-child\" data-id=\"4af7272\" data-element_type=\"container\">\n\t\t\t\t\t<div class=\"e-con-inner\">\n\t\t\t\t<div class=\"elementor-element elementor-element-261a536e elementor-widget elementor-widget-heading\" data-id=\"261a536e\" data-element_type=\"widget\" data-widget_type=\"heading.default\">\n\t\t\t\t\t<h5 class=\"elementor-heading-title elementor-size-default\">Tw\u00f3rcza Zabawa<\/h5>\t\t\t\t<\/div>\n\t\t\t\t<div class=\"elementor-element elementor-element-4177b4e0 elementor-widget elementor-widget-heading\" data-id=\"4177b4e0\" data-element_type=\"widget\" data-widget_type=\"heading.default\">\n\t\t\t\t\t<h2 class=\"elementor-heading-title elementor-size-default\">Galeria Zdj\u0119\u0107<\/h2>\t\t\t\t<\/div>\n\t\t\t\t\t<\/div>\n\t\t\t\t<\/div>\n\t\t<div class=\"elementor-element elementor-element-afad031 e-con-full e-flex e-con e-child\" data-id=\"afad031\" data-element_type=\"container\">\n\t\t\t\t<div class=\"elementor-element elementor-element-1354f62d gallery-spacing-przestrzenna elementor-widget elementor-widget-image-gallery\" data-id=\"1354f62d\" data-element_type=\"widget\" data-widget_type=\"image-gallery.default\">\n\t\t\t\t\t\t\t<div class=\"elementor-image-gallery\">\n\t\t\t\t\t<\/div>\n\t\t\t\t\t\t<\/div>\n\t\t\t\t<\/div>\n\t\t\t\t\t<\/div>\n\t\t\t\t<\/div>\n\t\t\t\t<\/div>\n\t\t","protected":false},"excerpt":{"rendered":"<p>Witamy w Majsterkowych Skrzyneczkach! Zapraszamy do odkrywania rado\u015bci majsterkowania z naszymi zestawami DIY! Nasze zaj\u0119cia to wspania\u0142a okazja, aby dzieci mog\u0142y rozwija\u0107 swoje umiej\u0119tno\u015bci manualne, kreatywno\u015b\u0107 i pewno\u015b\u0107 siebie. Przekonaj si\u0119, jak niesamowite mog\u0105 by\u0107 chwile sp\u0119dzone na wsp\u00f3lnej zabawie i nauce! Tw\u00f3rcza Zabawa Galeria Zdj\u0119\u0107<\/p>\n","protected":false},"author":1,"featured_media":0,"parent":0,"menu_order":0,"comment_status":"closed","ping_status":"closed","template":"","meta":{"footnotes":""},"class_list":["post-18","page","type-page","status-publish","hentry"],"_links":{"self":[{"href":"https:\/\/majsterkoweskrzyneczki.pl\/index.php?rest_route=\/wp\/v2\/pages\/18","targetHints":{"allow":["GET"]}}],"collection":[{"href":"https:\/\/majsterkoweskrzyneczki.pl\/index.php?rest_route=\/wp\/v2\/pages"}],"about":[{"href":"https:\/\/majsterkoweskrzyneczki.pl\/index.php?rest_route=\/wp\/v2\/types\/page"}],"author":[{"embeddable":true,"href":"https:\/\/majsterkoweskrzyneczki.pl\/index.php?rest_route=\/wp\/v2\/users\/1"}],"replies":[{"embeddable":true,"href":"https:\/\/majsterkoweskrzyneczki.pl\/index.php?rest_route=%2Fwp%2Fv2%2Fcomments&post=18"}],"version-history":[{"count":7,"href":"https:\/\/majsterkoweskrzyneczki.pl\/index.php?rest_route=\/wp\/v2\/pages\/18\/revisions"}],"predecessor-version":[{"id":86,"href":"https:\/\/majsterkoweskrzyneczki.pl\/index.php?rest_route=\/wp\/v2\/pages\/18\/revisions\/86"}],"wp:attachment":[{"href":"https:\/\/majsterkoweskrzyneczki.pl\/index.php?rest_route=%2Fwp%2Fv2%2Fmedia&parent=18"}],"curies":[{"name":"wp","href":"https:\/\/api.w.org\/{rel}","templated":true}]}}